
Let d(m) = -211*m - 4484. What are the prime factors of d(-139)?
5, 4969
Let r(d) = 2*d**3 - 19*d**2 - 12*d + 24. Let j be r(10). Suppose -4*z + 389 = -u, -2*u - 95 = -z - j*u. What are the prime factors of z?
97
What are the prime factors of (-20)/14*7 - -2255?
5, 449
Let f(w) = -w**3 - 9*w**2 - 13*w + 11. Let n(y) = y**3 + 22*y**2 + 22*y + 23. Let s be n(-21). Suppose 5 = -q - s. List the prime factors of f(q).
2
Suppose 13*z - 10 = 3*z. What are the prime factors of z/(7/(-2)) - 15950/(-406)?
3, 13
Suppose -16*b + 50278 = -57482. What are the prime factors of b?
3, 5, 449
Let b be (-4)/8 + (-7)/(-2) - 25. Let m = 109 + b. What are the prime factors of m?
3, 29
Let h = -278 - -806. Let v = -263 - -277. Suppose 18*i = v*i + h. List the prime factors of i.
2, 3, 11
Let n = -13 - -58. Let a = 515 - 405. Let d = a - n. What are the prime factors of d?
5, 13
Let k = -2619 - -7548. What are the prime factors of k?
3, 31, 53
Let w be 6/3 + 17/(17/(-42)). What are the prime factors of w/80 + 542/4?
3, 5
Let f be 1 - 88 - (3 + 2 + -5). Let b = 122 + f. Suppose b = y - 0*y. List the prime factors of y.
5, 7
What are the prime factors of ((-19)/((-95)/4108))/(10/275)?
2, 11, 13, 79
Let j = 13375 - -3397. What are the prime factors of j?
2, 7, 599
Let c(s) = -59*s**2 - 8*s + 191. Let d(z) = -20*z**2 - 2*z + 63. Let h(f) = -6*c(f) + 17*d(f). What are the prime factors of h(8)?
3, 311
Let q = 51 - 51. Suppose 11*h - 4458 + 861 = q. What are the prime factors of h?
3, 109
Let w(i) = -3*i - 2. Let x be w(-4). Let q be ((-36)/x)/6*15. Let o = 71 - q. What are the prime factors of o?
2, 5
Let m be ((-486)/12)/9*-2. What are the prime factors of m/(36/8) + 10*22?
2, 3, 37
Let g be (((-182)/8)/(-13))/(2/(-8)). What are the prime factors of (-7858)/g + 4 + (-4)/7?
2, 563
Suppose -88440 = -159*c + 104*c. List the prime factors of c.
2, 3, 67
What are the prime factors of 3/6*2 - (-72 - 5732)?
3, 5, 43
Let o be (7 + -5)*33/(-6). Let k(v) = -v**3 - 7*v**2 + 13*v - 2. List the prime factors of k(o).
3, 113
Let g(f) = 25 + 21*f - 60 + 28*f - 25. List the prime factors of g(9).
3, 127
Suppose -142*m + 68936 = -114*m. What are the prime factors of m?
2, 1231
Let r = 0 - 3. Let i(v) = -2. Let a(k) = 18*k - 22. Let w(u) = -a(u) + 5*i(u). List the prime factors of w(r).
2, 3, 11
Let g(p) = 23*p**2 - 118*p - 111. Let f(l) = 12*l**2 - 59*l - 56. Let d(z) = -11*f(z) + 6*g(z). List the prime factors of d(18).
2, 13
Let p(c) = -6*c + 9. Let u be p(-1). Suppose -u*x + 1888 = -11*x. List the prime factors of x.
2, 59
Suppose u - 10*k + 14*k - 13968 = 0, k + 13953 = u. What are the prime factors of u?
2, 3, 1163
List the prime factors of 54/(-1161) - 13853600/(-688).
2, 3, 839
Suppose -3*b + 0*b = 363. Let v = 217 + b. List the prime factors of v.
2, 3
Let t(h) = -110*h - 6. Let u be 5 - (10 + -1 - (0 + -4)). List the prime factors of t(u).
2, 19, 23
Suppose -2*a - 4*o = -22232, -5*a - 21291 = o - 76907. What are the prime factors of a?
2, 3, 103
Let k(m) = m**2 - 3*m + 16. Let f be k(-9). Let a = f + -27. List the prime factors of a.
97
Let o = -95 + 97. What are the prime factors of (o - -143)/(-2 - -3)?
5, 29
Let u be 3*(-8890)/(-21) - 7. Suppose 3*a - 17*o - 1279 = -12*o, -3*a - 3*o = -u. List the prime factors of a.
3, 47
Let w = 16184 + -2789. List the prime factors of w.
3, 5, 19, 47
Suppose l - 45 = 5*b - 2*b, 3*l + 15 = -b. Let x be (b/9*2)/((-4)/(-6)). What are the prime factors of (-316)/(20/x) + 3?
2, 41
Let s = -145 - -147. Suppose 4*m = 5*z - 1457, -7*m - 304 = -z - s*m. What are the prime factors of z?
17
Let a be (-8662)/7 + 8/(-14). Let d be (-15)/(-10)*a/(-3). Suppose -3*k + 3*g + d - 244 = 0, -5*g - 125 = -k. What are the prime factors of k?
5
Suppose -18*w + 646202 = 12*w - 487318. List the prime factors of w.
2, 4723
Let h(q) = -2*q**2 - 10*q - 5. Let u be h(-4). Suppose -528 = u*r - 2*b, r - 63 = -5*b - 239. Let m = -79 - r. List the prime factors of m.
97
Let b(p) = -8*p**3 - 30*p**2 - 453*p + 103. What are the prime factors of b(-20)?
31, 1973
Let x(b) = 7*b**2 + 3*b + 4 - 2 - b**3 + 5 - 3*b**2. Let m be x(5). List the prime factors of 102/((-4 - m) + 3).
3, 17
Suppose 3*y + 1869 = -5*a + 2*a, 0 = -4*a - 2*y - 2494. Suppose 4*r - 2*r - 1806 = 0. Let m = a + r. What are the prime factors of m?
3, 31
Let f(n) = -n**3 + 82 + 2*n + 8*n**2 + 79 - 173. Let y be f(8). List the prime factors of y - 1*-27 - 4.
3
Let v(u) = -3*u**3 - 40*u**2 + 9*u - 86. What are the prime factors of v(-22)?
2, 3, 5, 41
Suppose -y - 48 = -10*q + 5*q, -q = -y - 12. Suppose 2*a - 2*v = 356, -11*v + q*v - 896 = -5*a. List the prime factors of a.
2, 3, 5
Suppose 2453*n - 650484 = 2435*n. What are the prime factors of n?
2, 3, 19, 317
Let p = 1562 + -10. List the prime factors of p.
2, 97
Suppose 44*j + 36*j + 9*j = 2150329. List the prime factors of j.
37, 653
List the prime factors of 189512/13 + 1468/9542.
2, 37, 197
Let j(y) = -y**3 - 15*y**2 - y + 8. Let v be j(-15). Suppose 5*t - 955 = 5*l, -v = -t - 4*l + 153. List the prime factors of t.
2, 47
Let h(t) = 370 + 385 - 3*t - 732 + t**2. What are the prime factors of h(-24)?
11, 61
Let m(b) = b**3 - 51*b**2 + 301*b - 316. What are the prime factors of m(54)?
2, 12343
Let o = 155 - 164. List the prime factors of (o - (-38)/4)*296/2.
2, 37
Let t(s) = 12*s + 25. Let a be t(-2). Suppose -341 + 2613 = 3*w - v, -v = a. What are the prime factors of w?
757
Let u(j) = 123*j + 2179. Let h be u(-17). Let s = 6 - 9. Let m = s + h. List the prime factors of m.
5, 17
Suppose 0 = 330*n - 6321199 + 59779. List the prime factors of n.
2, 53, 179
Let u = 9557 - 2482. List the prime factors of u.
5, 283
Let q(f) = -f**2 - 11*f - 6. Let p be q(-10). Suppose p*v + 4*v = 88. Suppose v*m - 65 = 67. List the prime factors of m.
2, 3
Let a be (72/(-5))/(-5 + (-47)/(-10)). Let y = 28 - a. Let k = y - -41. List the prime factors of k.
3, 7
Let c = 5634 + 6333. What are the prime factors of c?
3, 3989
Let g = 9222 - 1352. List the prime factors of g.
2, 5, 787
Suppose 40*d = -120113 + 1528073. What are the prime factors of d?
3, 3911
Let p(n) = n**2 - 9*n + 8. Let h be p(1). Suppose h*d - 7*d + 3885 = 0. What are the prime factors of d?
3, 5, 37
Suppose -159*j - 2*d = -154*j - 10679, 0 = 4*j - 2*d - 8536. List the prime factors of j.
5, 7, 61
Let j = 20117 - 11345. List the prime factors of j.
2, 3, 17, 43
Suppose f + 210 = 6*f - 2*n, -3*f = -5*n - 126. What are the prime factors of (-5 - (-4182)/f)*(1 + 6)?
2, 331
Let o = -13893 - -23316. What are the prime factors of o?
3, 349
Suppose -k + 4*h + 43 = -13, 0 = -h - 2. Let i = -51 + k. List the prime factors of 4/i + 1 + 460/12.
2, 19
Suppose 0 = -5*a - 45, 184962 = 5*j + 4*a - 7*a. List the prime factors of j.
3, 12329
Suppose 40*g + 528417 = 139*g - 6755112. List the prime factors of g.
73571
Suppose 0 = 3*l + 4*q + 25, -3*l - 6 - 44 = -q. Let c be (-380)/l + 1/(-3). Suppose 0 = -2*j + j + c. List the prime factors of j.
5
Let w = 71903 + -28145. What are the prime factors of w?
2, 3, 11, 13, 17
Suppose 4*a = 5*i + 333692, -85619 = -a - 2*i - 2209. What are the prime factors of a?
2, 3, 13903
Let q = 60 - -494. Suppose 6*j + q + 166 = 0. Let p = 230 + j. List the prime factors of p.
2, 5, 11
List the prime factors of (8 + (10 - 17))*(28062 - 5).
28057
Let f = 5967 + -5964. Let q = -4 - -7. Suppose f*h + 72 = i - h, 5*i - q*h - 292 = 0. What are the prime factors of i?
2, 7
Let r(c) = -c**3 - 9*c**2 + 52*c + 12. Let k be r(-13). List the prime factors of 41 - (4*3/k + -2).
2, 3, 7
Let g = -413 + 410. List the prime factors of 6873/9 + (-1)/g.
2, 191
Let g be ((-66)/8)/((-36)/816). Let u = g + 6. List the prime factors of u.
193
Let c = -2005 + 1895. Let l(n) = -2*n**3 + 6*n**2 - 6*n + 4. Let q be l(4). Let f = q - c. What are the prime factors of f?
2, 29
Let g(c) = -124*c + 3375. What are the prime factors of g(-74)?
7, 11, 163
Let u be ((15/3)/(-10))/(3/(-6)). Let g be ((-8)/28)/(u*2/(-28)). Suppose -277 = -g*t + 139. What are the prime factors of t?
2, 13
Let d = -11 - -12. Let h be d*3 - 15/3*-11. Suppose 4 = 2*v - h. List the prime factors of v.
31
Suppose 0 = p - 134*i + 129*i - 20429, 81611 = 4*p + i. List the prime factors of p.
2, 5101
Suppose 33 = 44*s - 99. Suppose -4*n - w = -3055, s*w = 2*n 